 59650795?
5
What is the units digit of 43635460?
0
What is the units digit of 4938219153?
3
What is the millions digit of 256233399?
6
What is the millions digit of 79219331?
9
What is the hundreds digit of 470938204?
2
What is the hundred thousands digit of 156010132?
0
What is the hundred thousands digit of 8568089?
5
What is the ten thousands digit of 103186043?
8
What is the ten thousands digit of 28608565?
0
What is the units digit of 180825374?
4
What is the tens digit of 57641399?
9
What is the hundred thousands digit of 1456715543?
7
What is the thousands digit of 2466608967?
8
What is the ten thousands digit of 25048872?
4
What is the hundred thousands digit of 2146176284?
1
What is the ten millions digit of 352113191?
5
What is the hundred millions digit of 4026350231?
0
What is the tens digit of 879932678?
7
What is the thousands digit of 266557034?
7
What is the ten millions digit of 574038791?
7
What is the hundred millions digit of 429564459?
4
What is the ten millions digit of 35503652?
3
What is the millions digit of 267933809?
7
What is the tens digit of 195557989?
8
What is the units digit of 680416931?
1
What is the tens digit of 48237108?
0
What is the hundred millions digit of 1522787791?
5
What is the millions digit of 115123573?
5
What is the hundred thousands digit of 938724949?
7
What is the millions digit of 668023693?
8
What is the millions digit of 3149877220?
9
What is the ten millions digit of 220181127?
2
What is the units digit of 717826289?
9
What is the hundred millions digit of 169735206?
1
What is the thousands digit of 415815711?
5
What is the ten thousands digit of 3812202193?
0
What is the tens digit of 68503547?
4
What is the ten millions digit of 629626270?
2
What is the thousands digit of 92914716?
4
What is the hundred thousands digit of 2993956931?
9
What is the units digit of 417025731?
1
What is the thousands digit of 18800293?
0
What is the units digit of 2261850231?
1
What is the hundred millions digit of 100177393?
1
What is the millions digit of 65507536?
5
What is the hundreds digit of 241711871?
8
What is the hundred thousands digit of 274048604?
0
What is the ten thousands digit of 8105428?
0
What is the hundreds digit of 5309849?
8
What is the millions digit of 99867805?
9
What is the units digit of 43804254?
4
What is the hundred thousands digit of 46817491?
8
What is the hundreds digit of 20768137?
1
What is the hundreds digit of 438672414?
4
What is the ten millions digit of 6762765091?
6
What is the tens digit of 49761904?
0
What is the ten millions digit of 65428704?
6
What is the units digit of 3459628976?
6
What is the hundred millions digit of 475028927?
4
What is the millions digit of 59804785?
9
What is the tens digit of 593069022?
2
What is the billions digit of 5098156740?
5
What is the thousands digit of 76955982?
5
What is the millions digit of 56969268?
6
What is the ten thousands digit of 235194110?
9
What is the thousands digit of 702815993?
5
What is the thousands digit of 1916692274?
2
What is the hundred thousands digit of 266279677?
2
What is the ten millions digit of 1169197327?
6
What is the tens digit of 2392311757?
5
What is the units digit of 66565779?
9
What is the millions digit of 230879078?
0
What is the ten thousands digit of 3415856471?
5
What is the thousands digit of 11820145?
0
What is the units digit of 393709594?
4
What is the ten millions digit of 306567744?
0
What is the ten thousands digit of 55622213?
2
What is the hundred thousands digit of 22192508?
1
What is the hundred millions digit of 142230576?
1
What is the units digit of 289251453?
3
What is the thousands digit of 61907194?
7
What is the ten millions digit of 950542785?
5
What is the ten thousands digit of 91287981?
8
What is the units digit of 686654919?
9
What is the millions digit of 1566619109?
6
What is the thousands digit of 758269233?
9
What is the ten thousands digit of 3843316?
4
What is the millions digit of 37400597?
7
What is the units digit of 50663271?
1
What is the ten millions digit of 37439517?
3
What is the millions digit of 43693643?
3
What is the ten millions digit of 3812332747?
1
What is the ten thousands digit of 965898347?
9
What is the hundred thousands digit of 2094694?
0
What is the ten thousands digit of 169069499?
6
What is the millions digit of 111442185?
1
What is the millions digit of 122772468?
2
What is the units digit of 748736356?
6
What is the units digit of 69155986?
6
What is the hundred thousands digit of 44251417?
2
What is the hundred millions digit of 183794109?
1
What is the hundred thousands digit of 267025356?
0
What is the ten millions digit of 92444371?
9
What is the hundreds digit of 5050703?
7
What is the ten millions digit of 353097657?
5
What is the millions digit of 4327293591?
7
What is the hundreds digit of 3677161882?
8
What is the units digit of 76556114?
4
What is the hundreds digit of 1815214596?
5
What is the tens digit of 90633549?
4
What is the hundred millions digit of 253166248?
2
What is the hundreds digit of 861636206?
2
What is the tens digit of 264423640?
4
What is the thousands digit of 278984959?
4
What is the ten millions digit of 569748383?
6
What is the hundred thousands digit of 1216151786?
1
What is the ten thousands digit of 16441228?
4
What is the tens digit of 92566913?
1
What is the millions digit of 518304586?
8
What is the hundred millions digit of 151754256?
1
What is the units digit of 7304450?
0
What is the ten millions digit of 828820406?
2
What is the thousands digit of 1138156230?
6
What is the units digit of 76599614?
4
What is the units digit of 46858745?
5
What is the tens digit of 23579277?
7
What is the hundred millions digit of 208251126?
2
What is the ten thousands digit of 28543952?
4
What is the hundred thousands digit of 38414970?
4
What is the units digit of 564511794?
4
What is the hundred millions digit of 4453573775?
4
What is the hundreds digit of 16259579?
5
What is the ten thousands digit of 182402649?
0
What is the hundreds digit of 40829698?
6
What is the thousands digit of 68480390?
0
What is the tens digit of 48873201?
0
What is the hundred millions digit of 3177230451?
1
What is the millions digit of 229917905?
9
What is the units digit of 19516488?
8
What is the thousands digit of 169336735?
6
What is the millions digit of 5382450371?
2
What is the ten thousands digit of 46220018?
2
What is the hundred thousands digit of 579939626?
9
What is the hundreds digit of 249871934?
9
What is the millions digit of 84934883?
4
What is the units digit of 3921839402?
2
What is the ten millions digit of 13725274?
1
What is the hundred thousands digit of 8906898?
9
What is the ten millions digit of 308131939?
0
What is the ten thousands digit of 933841846?
4
What is the hundred thousands digit of 45890053?
8
What is the hundreds digit of 223059512?
5
What is the ten millions digit of 216713536?
1
What is the ten thousands digit of 60312222?
1
What is the hundred millions digit of 501805833?
5
What is the tens digit of 266097968?
6
What is the thousands digit of 102462917?
2
What is the hundred millions digit of 1710844600?
7
What is the tens digit of 1937705759?
5
What is the thousands digit of 114349915?
9
What is the thousands digit of 82620876?
0
What is the tens digit of 8345793310?
1
What is the hundred thousands digit of 816977535?
9
What is the thousands digit of 9326891480?
1
What is the ten millions digit of 435239204?
3
What is the hundred millions digit of 152076825?
1
What is the ten thousands digit of 68467038?
6
What is the hundred millions digit of 4579532011?
5
What is the hundred thousands digit of 28950632?
9
What is the hundred thousands digit of 183901846?
9
What is the units digit of 5344134952?
2
What is the millions digit of 450631066?
0
What is the ten thousands digit of 1623066418?
6
What is the ten thousands digit of 1228558252?
5
What is the hundreds digit of 184673334?
3
What is the ten millions digit of 133669105?
3
What is the ten thousands digit of 1065198?
6
What is the ten thousands digit of 1175253282?
5
What is the thousands digit of 57943086?
3
What is the units digit of 6945119?
9
What is the ten millions digit of 167538948?
6
What is the hundred thousand